 -44 + (0 - 1 - -8)
-6
What is (8 - (-13 - -23)) + (-2 - -5) + -24?
-23
What is the value of -13 + (-1 - -1) - (2329 - 2319)?
-23
Calculate 2 - -10 - (9 - (-19 - 1)).
-17
Evaluate -1 - -5 - ((-20 - (6 + -25)) + 14).
-9
Calculate 7 + (142 - 158) + 9 + -1.
-1
What is the value of -10 - (-15 + -10 + 23 + -2 + -1)?
-5
What is the value of 11 - -6 - (-30 + 68)?
-21
54 + -39 + 26 + -59
-18
12 + (3 - (15 - (6 + 24)))
30
Evaluate 0 + -1 + -3 + (40 - (-18 + 23)).
31
Calculate 26 - (8 + -9 - (5 - 13)).
19
Evaluate 9 + 1 - ((-1 - (1 + 16)) + 58).
-30
Calculate 0 + -10 + -6 + -5 + (-1 - -10).
-12
What is -1 + 24 + -21 - 2?
0
What is 43 + (40 - 80) - (-1 + 13)?
-9
What is the value of 15 - ((43 - 51) + (3 - (-3 - -3)))?
20
-3 + 0 - (14 - (-8 - (6 + -10)))
-21
Calculate 5 - (-4 + (7 - -1) + -9).
10
What is (2 - (0 - 6)) + (29 - 22) + -16?
-1
Evaluate 4 + -17 + -4 + 5 - -1.
-11
What is the value of (1 - 2) + -7 + 3 - (-7 + 7)?
-5
-129 - -125 - (2 + 5)
-11
What is the value of (1 - (1 + -4)) + (-18 - (-67 - -52))?
1
8 - (-20 - -16 - 10)
22
Evaluate -17 + (6 - (-1 + 5 + -2)) + 1.
-12
(0 - -4) + (-2 - (-7 - -14)) + 12
7
7 - (-44 - -35) - 0
16
What is (-5 - 13) + 3 + 2 + 4?
-9
What is the value of (90 - 99) + 15 + -1 + -8?
-3
Calculate -38 + (-21 + -25 - -75).
-9
3 - 2 - ((-8 - -4) + (6 - -5))
-6
52 - (61 + (-30 - -8))
13
What is the value of 13 + -13 + 4 + (10 - 1)?
13
Calculate -42 + 20 - (-29 + 14).
-7
Calculate -10 + 3 + 3 + -122 + 121.
-5
0 + 4 + 11 + 8 + -7 + -4
12
What is 4 + 0 + -12 + 9 - -10?
11
Evaluate 20 + -3 - (-14 - (-33 + 13)).
11
What is the value of 19 + 33 + (3 - 76)?
-21
-235 - -236 - ((-7 - -3) + 3)
2
Evaluate 4 - ((47 - 38) + (4 - 0) + -2).
-7
What is 8 + 13 - 7 - 0?
14
Calculate (-6 - (5 - (-4 - -2))) + -8.
-21
What is 4 - (-12 + 2 - 0)?
14
What is -29 + -1 - (385 - 384) - -1?
-30
What is the value of 10 + 6 - ((2 - (5 + -2)) + 7)?
10
What is -12 + -1 + (64 - 118 - -56)?
-11
Calculate 3 + (1 - -5 - (26 - 17)) + -3.
-3
14 + (0 - (-15 - -2 - -1))
26
(21 - 28 - (-2 - 28)) + -9
14
Evaluate (-7 - 1) + (9 - (27 + 2)).
-28
9 + -2 + 22 + -20
9
What is (-1 - -10) + 1 - (-53 + 21 + 36)?
6
What is the value of -1 - (9 + 4 + 8 + -32)?
10
What is -34 - -31 - (-7 - (-3 - -6))?
7
What is -11 + 15 - 3 - (-19 - -4)?
16
What is the value of 4 + -6 + -8 + 35 - (1 + 5)?
19
Calculate 4 + (-8 - -2) - (-31 - -24).
5
Evaluate 5 - 18 - -20 - -2.
9
Calculate -1 - (4 - 3) - (-18 + 16 + -3).
3
Evaluate -10 + 8 + -4 - -4 - (1 - 4).
1
1 - (-9 + 1 + 0) - (19 + -16)
6
What is the value of 10 - (34 + -9) - (-3 + 7) - -8?
-11
Evaluate (0 - (-3 - -9) - (3 + -2)) + 14.
7
Calculate (-1 - 2) + (26 - 19 - 15 - -41).
30
What is the value of 0 + (19 + -7 - 3) + 0?
9
Evaluate 0 - -4 - (-30 + 34).
0
What is the value of 1 + -5 + 5 + -4 + 14 + 2?
13
(-15 + 15 - (-1 - 3)) + 3 + 14
21
6 - 2 - (7 + -15 + 4)
8
Calculate (1 - -5) + -7 - 2 - -4.
1
Evaluate 3 + (5 + -2 - 6) + -9.
-9
Calculate 0 - (-4 + 2) - 8.
-6
Evaluate 14 + -7 + 5 - (-3 + -1 + 4).
12
What is the value of 8 - (10 + -24 + 7)?
15
Evaluate -8 - -36 - 5 - (-1 + -8 + -2).
34
Calculate -14 + 6 + 15 + -16.
-9
3 + (-8 - -11) + (1 - 1)
6
What is (1027 - 1004) + (1 - 6)?
18
What is (-16 - -1) + 14 - 7?
-8
Evaluate 2 - 2 - (-4 - (-6 - 0) - -6).
-8
What is the value of (228 - 256) + (24 - -2)?
-2
What is the value of 6 + -8 - (-16 - 2)?
16
What is the value of -7 + 4 + (2 + 15 - 7)?
7
Calculate 4 + (11 - 14) - -11.
12
What is the value of 0 - 7 - (-58 + 49)?
2
What is (2 + 0 - 0 - (-272 - -282)) + -3?
-11
What is -15 - (0 + 17 + -46) - (2 - -2)?
10
(-6 - -3) + 8 + -3 + -7 - 7
-12
What is -28 + (-15 - -22) + 13?
-8
Calculate 3 - ((19 - 42) + 51).
-25
What is the value of (11 - (-34 - -48)) + (0 - (-2 - -1))?
-2
Evaluate -10 - (-12 + 8) - 6.
-12
What is the value of -5 + (-7 + (0 - 3) + -1 - -5)?
-11
What is the value of -14 + 6 + 19 + (8 - 20)?
-1
What is the value of 27 - 29 - (-1 - -4) - (10 + -6)?
-9
Calculate (-1 - (24 - (-7 - -12))) + 9.
-11
What is the value of (20 - 12) + -1 - 10?
-3
What is the value of -5 - ((0 - -9) + (18 - (56 - 20)))?
4
Calculate 5 - -9 - (1 + (-2 - 3 - -4)).
14
-24 + 11 + 8 + 13
8
What is 2 + -1 + 2 - (58 + -53)?
-2
What is the value of 0 + 2 + (0 - -3) - (45 + -27)?
-13
What is the value of (23 - 5) + (-5 + 5 - (0 - 3))?
21
Calculate 16 + -7 - (25 + -10).
-6
Evaluate 0 + 8 - ((-32 - -22) + 8).
10
14 - (4 + (0 - 1))
11
5 + -2 + -5 + 1 + 11
10
What is the value of -12 + 28 + -7 + -21 + -5 + 0?
-17
What is (-65 + 72 - (-2 - 2)) + -9?
2
Evaluate -2 + (5 - (8 + -8) - 1).
2
What is (18 - (16 - -4)) + (-25 - -4)?
-23
Calculate -3 + (6 - (-14 - -15 - 1)).
3
-30 + 25 - (-5 + (2 - -2 - -3))
-7
What is -25 + -13 + 1 + 23 - 7?
-21
-6 + -2 - (-179 + 146) - (10 - 2)
17
What is the value of 2 + (4 - (10 - (7 + 2))) - 18?
-13
-35 + 49 + (6 - 0)
20
Calculate -98 + 101 - (7 + -9 + 4 - 2).
3
What is the value of 653 - 653 - (1 + 8)?
-9
Calculate -1 - 9 - (82 + -80).
-12
Calculate -10 - ((27 - (9 - -9)) + -9).
-10
Evaluate (-2 - 1) + 25 + (15 - (-21 - -38)).
20
Calculate -7 + -26 + -18 - -16.
-35
-6 + 9 - (-1 - -9) - 11
-16
What is the value of (23 + -20 - (5 + -9)) + 6?
13
What is the value of -5 - 10 - 10 - (-8 + 1)?
-18
(-4 - -15) + -7 + 7 + -11 + -29
-29
What is the value of 2 + (-27 - -2) - (-44 + 18 + 18)?
-15
Calculate -9 + (-8 - -26) + -17.
-8
Evaluate (4 - (-16 + 8)) + -2.
10
What is (0 - (2 - (5 + 6))) + 2?
11
Evaluate -10 + 0 - (0 + (5 - (3 + 5))).
-7
-27 - -35 - (2 - -7)
-1
12 + (14 - 6 - ((6 - 0) + -5))
19
27 + 13 + (1 - 6 - 1)
34
Calculate -10 + (-11 - 7 - -41).
13
What is -19 + 12 - (6 + -3)?
-10
What is 6 - (-22 + 7 + 16)?
5
(58 - 63) + (-2 - 13)
-20
Evaluate 3 + (-10 - (-13 + 17)).
-11
8 + (-13 - (8 - 3)) + 11
1
What is the value of (-4 - 12) + 15 + 0 + -10?
-11
Evaluate -7 - ((31 - -7) + -17).
-28
Evaluate 2 + (1 - (-8 + 2 + 8)).
1
What is the value of 7 - -3 - (-7 + 11) - -4 - -1?
11
What is 9 - (-12 - (-31 + 19))?
9
-3 - (-29 - 17) - 18
25
What is (0 - -13) + (294 - 305)?
2
Calculate 3 + (11 - (-7 - (-1 - -5))).
25
What is the value of -20 + (36 - 8) + -2 + (0 - -8)?
14
(-8 + 11 - 50) + 32
-15
What is (-6 + -2 + 1 - -7) + -2 + 3?
1
What is the value of -19 + -1 + (79 - 69)?
-10
Calculate 2 - (24 + (-2 - 8)).
-12
27 - (-45 + 65 + -23)
30
What is the value of -5 + (-47 + 44 - (0 - -8) - 2)?
-18
Evaluate 14 + -18 - 3 - (-1 - 2 - -14).
-18
What is -3 - (-43 - -35) - ((-1 - 2) + -1)?
9
Calculate -12 + 18 + 6 + -12.
0
What is -7 + -14 - (-6 + (-9 - -4))?
-10
What is the value of 1 - 19 - (-14 - -2)?
-6
(-16 - -16) + -6 + -5 + -14
-25
What is (-21 - (-47 - -23)) + -16?
-13
What is 8 + 1 + 10 + (-42 - -21 - -15)?
13
Evaluate 8 + (0 - 6 - (10 - 11)) + -3.
0
What is the value of 23 - (32 + 21 + -29)?
-1
What is -44 + 47 + (-9 - -2) + -4?
-8
What is 5 + ((8 - -12) + -11 - 18)?
-4
What is (-10 + (20 - 13) - -1) + (1 - -1)?
0
Evaluate -6 + 10 + 1 + -3 + 15.
17
Evaluate 17 + (40 + -30 - (-3 + 6)).
24
What is 3 - 34 - (-9 + -29 + 26)?
-19
Evaluate (746 - 761) + (30 - 0).
15
7 + (7 - 27 - -5)
-8
What is 4 - (-1 - ((4 - 7) + 5))?
7
What is 34 - (3 - (-12 - 3))?
16
Calculate 1 + 22 - ((17 - 11) + (-3 - 0)).
20
What is -5 - ((24 - 14) + -11) - (-8 + 1)?
3
Calculate 0 - -1 - (-15 - -11 - 9 - -13).
1
What is the value of -24 + 9 + (-2 - -14)?
-3
What is -12 + -1 + 691 + -690?
-12
What is -23 + (-27 - 1) + 27 + 1 + -6?
-29
Evaluate 10 - (11 - -9 - -6).
-16
What is -17 + (-11 - 0 - -12) + 10?
-6
What is the value of 1 - (-2 + 1 + -32) - (-1254 + 1264)?
24
202 - 200 - (-1 + 15)
-12
What is the value of 8 - (1 + 7 + 3 + 14)?
-17
Calculate (16 - (-15 + -4 + 31)) + (-1 - 9).
-6
Calculate (-20 + 1 - (4 - -3 - 15)) + 7.
-4
What is the value of -4 + 6 + -5 + (-24 - -33) - -1?
7
-7 + (5 - 4 - (-8 + 17 + -7))
-8
Evaluate (19 - 27) + (6 - 7).
-9
What is the value of (-3 - (10 + -6)) + (17 - (11 + -19))?
18
(17 - 7) + (-13 - -1 - 1)
-3
What is the value of 17 - (12 - (-9 - -11))?
7
Evaluate 16 + (-15 + -12 - -2) - (4 - 1).
-12
(3 - 1 - 2) + -4 - 5
-9
Calculate (-21 - -8 - -16) + -15.
-12
Evaluate 5 + -20 + -38 + 53 - (-6 - -1).
5
What is 162 + -171 + 20 + (3 - 4 - 2)?
8
3 - (15 + (-34 - -11) + -4)
15
Evaluate -4 - (-6 - (-1 + -9)) - -2.
-6
What is 0 - (-2 + -3 - 1) - (-3 + 7)?
2
What is the value of 21 - (-25 + (10 - -29))?
7
Calcul